 is the remainder when 35038 is divided by 84?
10
What is the remainder when 503275 is divided by 233?
228
Calculate the remainder when 451774 is divided by 461.
455
What is the remainder when 46707 is divided by 849?
12
What is the remainder when 46034 is divided by 31?
30
What is the remainder when 50560 is divided by 10107?
25
Calculate the remainder when 11964 is divided by 3986.
6
Calculate the remainder when 1467 is divided by 664.
139
What is the remainder when 32176 is divided by 1407?
1222
What is the remainder when 55187 is divided by 18360?
107
What is the remainder when 77946 is divided by 23?
22
Calculate the remainder when 669873 is divided by 223291.
0
Calculate the remainder when 4792 is divided by 1027.
684
Calculate the remainder when 37752 is divided by 127.
33
Calculate the remainder when 695038 is divided by 240.
238
Calculate the remainder when 11183 is divided by 3472.
767
What is the remainder when 2807 is divided by 343?
63
Calculate the remainder when 15283 is divided by 1016.
43
What is the remainder when 9177 is divided by 241?
19
Calculate the remainder when 16525 is divided by 1567.
855
What is the remainder when 5487 is divided by 34?
13
What is the remainder when 1770 is divided by 40?
10
What is the remainder when 1512891 is divided by 756441?
9
Calculate the remainder when 746 is divided by 229.
59
What is the remainder when 5531 is divided by 191?
183
What is the remainder when 23685 is divided by 564?
561
What is the remainder when 6759 is divided by 225?
9
Calculate the remainder when 15578 is divided by 38.
36
What is the remainder when 2049 is divided by 105?
54
Calculate the remainder when 3765 is divided by 1253.
6
What is the remainder when 1229 is divided by 135?
14
Calculate the remainder when 1683228 is divided by 19.
18
Calculate the remainder when 3534 is divided by 34.
32
Calculate the remainder when 1407 is divided by 34.
13
Calculate the remainder when 11244 is divided by 1688.
1116
What is the remainder when 237110 is divided by 480?
470
Calculate the remainder when 1786 is divided by 60.
46
What is the remainder when 996130 is divided by 179?
174
Calculate the remainder when 13714 is divided by 2741.
9
Calculate the remainder when 9363 is divided by 219.
165
Calculate the remainder when 859 is divided by 78.
1
Calculate the remainder when 208 is divided by 69.
1
What is the remainder when 716971 is divided by 383?
378
Calculate the remainder when 4487 is divided by 553.
63
Calculate the remainder when 77454 is divided by 161.
13
Calculate the remainder when 11147 is divided by 50.
47
What is the remainder when 11638 is divided by 8?
6
What is the remainder when 81117 is divided by 21?
15
What is the remainder when 13137 is divided by 1642?
1
Calculate the remainder when 17363 is divided by 256.
211
What is the remainder when 1019615 is divided by 152?
151
What is the remainder when 1002 is divided by 731?
271
Calculate the remainder when 3753 is divided by 895.
173
Calculate the remainder when 478 is divided by 390.
88
What is the remainder when 21437 is divided by 1019?
38
What is the remainder when 1741 is divided by 417?
73
Calculate the remainder when 3059 is divided by 98.
21
What is the remainder when 804218 is divided by 106?
102
Calculate the remainder when 95362 is divided by 15893.
4
Calculate the remainder when 97240 is divided by 114.
112
Calculate the remainder when 9437 is divided by 2966.
539
What is the remainder when 287 is divided by 203?
84
What is the remainder when 107746 is divided by 292?
290
What is the remainder when 54663 is divided by 9108?
15
Calculate the remainder when 30980 is divided by 379.
281
Calculate the remainder when 7947 is divided by 306.
297
Calculate the remainder when 1083 is divided by 16.
11
What is the remainder when 30933 is divided by 28?
21
What is the remainder when 1207 is divided by 58?
47
What is the remainder when 16723 is divided by 74?
73
What is the remainder when 40387 is divided by 2019?
7
What is the remainder when 1341 is divided by 126?
81
What is the remainder when 12744 is divided by 50?
44
What is the remainder when 110671 is divided by 261?
7
Calculate the remainder when 5117 is divided by 18.
5
Calculate the remainder when 387222 is divided by 97.
95
Calculate the remainder when 66910 is divided by 16.
14
Calculate the remainder when 248503 is divided by 2124.
2119
Calculate the remainder when 36979 is divided by 25.
4
What is the remainder when 29745 is divided by 17?
12
What is the remainder when 60262 is divided by 78?
46
What is the remainder when 6576 is divided by 104?
24
What is the remainder when 7063 is divided by 102?
25
Calculate the remainder when 380498 is divided by 25.
23
Calculate the remainder when 31043 is divided by 26.
25
Calculate the remainder when 74353 is divided by 37165.
23
Calculate the remainder when 5501 is divided by 522.
281
What is the remainder when 6955 is divided by 248?
11
Calculate the remainder when 69218 is divided by 17298.
26
Calculate the remainder when 7711 is divided by 3656.
399
Calculate the remainder when 1200 is divided by 823.
377
What is the remainder when 61427 is divided by 3612?
23
What is the remainder when 6494 is divided by 260?
254
Calculate the remainder when 33215 is divided by 239.
233
Calculate the remainder when 158797 is divided by 298.
261
Calculate the remainder when 16809 is divided by 12.
9
What is the remainder when 12754 is divided by 26?
14
Calculate the remainder when 1193589 is divided by 41.
38
What is the remainder when 5551 is divided by 931?
896
Calculate the remainder when 5782 is divided by 5681.
101
Calculate the remainder when 237277 is divided by 59313.
25
Calculate the remainder when 173887 is divided by 414.
7
Calculate the remainder when 1075 is divided by 29.
2
What is the remainder when 1140 is divided by 132?
84
Calculate the remainder when 14643 is divided by 4876.
15
What is the remainder when 2009 is divided by 888?
233
Calculate the remainder when 222050 is divided by 155.
90
Calculate the remainder when 11799 is divided by 46.
23
Calculate the remainder when 74165 is divided by 1301.
8
Calculate the remainder when 25026 is divided by 52.
14
Calculate the remainder when 6000 is divided by 565.
350
Calculate the remainder when 2864 is divided by 8.
0
Calculate the remainder when 112568 is divided by 37517.
17
Calculate the remainder when 25512 is divided by 69.
51
What is the remainder when 142749 is divided by 71361?
27
Calculate the remainder when 266801 is divided by 7021.
3
Calculate the remainder when 142368 is divided by 1283.
1238
Calculate the remainder when 9393 is divided by 77.
76
What is the remainder when 13067 is divided by 28?
19
What is the remainder when 2681518 is divided by 123?
118
Calculate the remainder when 393 is divided by 129.
6
What is the remainder when 2743 is divided by 2690?
53
What is the remainder when 21199 is divided by 253?
200
What is the remainder when 18609 is divided by 21?
3
What is the remainder when 73858 is divided by 20?
18
Calculate the remainder when 15382 is divided by 7672.
38
What is the remainder when 54257 is divided by 27124?
9
What is the remainder when 7417 is divided by 59?
42
What is the remainder when 233306 is divided by 181?
178
Calculate the remainder when 52 is divided by 31.
21
What is the remainder when 177767 is divided by 18?
17
What is the remainder when 5854 is divided by 229?
129
Calculate the remainder when 6220350 is divided by 17.
16
What is the remainder when 1603 is divided by 106?
13
What is the remainder when 941 is divided by 42?
17
Calculate the remainder when 31121 is divided by 266.
265
What is the remainder when 214090 is divided by 144?
106
What is the remainder when 87932 is divided by 7?
5
Calculate the remainder when 55910 is divided by 61.
34
Calculate the remainder when 905 is divided by 904.
1
What is the remainder when 1150403 is divided by 35?
23
What is the remainder when 2484 is divided by 71?
70
What is the remainder when 373808 is divided by 405?
398
Calculate the remainder when 3019 is divided by 48.
43
Calculate the remainder when 24630 is divided by 725.
705
Calculate the remainder when 57479 is divided by 2.
1
What is the remainder when